{"id":450,"date":"2023-11-05T13:29:30","date_gmt":"2023-11-05T12:29:30","guid":{"rendered":"https:\/\/fajili.aristeecampus.org\/?page_id=450"},"modified":"2023-11-05T13:29:30","modified_gmt":"2023-11-05T12:29:30","slug":"5g","status":"publish","type":"page","link":"https:\/\/fajili.aristeecampus.org\/index.php\/5g\/","title":{"rendered":"5G"},"content":{"rendered":"<div class=\"wp-block-image\">\n<figure class=\"aligncenter size-full is-resized\"><img decoding=\"async\" loading=\"lazy\" src=\"https:\/\/fajili.aristeecampus.org\/wp-content\/uploads\/2023\/06\/image-1.png\" alt=\"\" class=\"wp-image-267\" style=\"width:863px;height:263px\" width=\"863\" height=\"263\" srcset=\"https:\/\/fajili.aristeecampus.org\/wp-content\/uploads\/2023\/06\/image-1.png 407w, https:\/\/fajili.aristeecampus.org\/wp-content\/uploads\/2023\/06\/image-1-300x91.png 300w\" sizes=\"(max-width: 863px) 100vw, 863px\" \/><\/figure><\/div>\n\n\n<p><\/p>\n\n\n\n<p><\/p>\n\n\n\n<figure class=\"wp-block-pullquote\"><blockquote><p><strong>Le premier th\u00e8me que j&rsquo;ai choisis et la 5G<\/strong>.<\/p><\/blockquote><\/figure>\n\n\n\n<p>La&nbsp;<strong>5G<\/strong>&nbsp;(<strong>cinqui\u00e8me g\u00e9n\u00e9ration<\/strong>) est une&nbsp;norme&nbsp;de r\u00e9seau t\u00e9l\u00e9phonie mobile. Elle succ\u00e8de \u00e0 la quatri\u00e8me g\u00e9n\u00e9ration, appel\u00e9e&nbsp;4G, en proposant des d\u00e9bits&nbsp;plus importants et une latence&nbsp;fortement r\u00e9duite, tout en \u00e9vitant le risque de saturation des r\u00e9seaux li\u00e9 \u00e0 l&rsquo;augmentation des usages num\u00e9riques (smartphones, tablettes, objets connect\u00e9s.<\/p>\n\n\n\n<p><\/p>\n\n\n\n<p>Les premi\u00e8res technologies ne permettaient que les appels vocaux puis l\u2019envoi de SMS. Les g\u00e9n\u00e9rations suivantes de technologies mobiles ont permis de d\u00e9velopper de nouveaux usages : se connecter \u00e0 internet, acc\u00e9der \u00e0 des applications, ou encore passer des appels en vid\u00e9o.<\/p>\n\n\n\n<p>Comme les technologies pr\u00e9c\u00e9dentes, la 5G am\u00e9liore les services existants et favorise le d\u00e9veloppement de nouveaux services. La 5G est une technologie \u00e9volutive qui va s\u2019enrichir progressivement, au gr\u00e9 de l\u2019\u00e9volution des standards au niveau mondial.<\/p>\n\n\n\n<p><strong><u>\u2022 Historique et \u00e9volution de cette technologie<\/u><\/strong><\/p>\n\n\n\n<p>La technologie dans le domaine de la t\u00e9l\u00e9phonie mobile n\u2019a pas cess\u00e9 de se d\u00e9velopper depuis ces 10 derni\u00e8res ann\u00e9es. En quelques d\u00e9cennies, la qualit\u00e9 des signaux a gagn\u00e9 en qualit\u00e9 en passant de la 2G \u00e0 la 5G.<\/p>\n\n\n\n<p>Le r\u00e9seau de premi\u00e8re g\u00e9n\u00e9ration 1G a \u00e9t\u00e9 mis en place dans les ann\u00e9es 70 aux \u00c9tats-Unis et en France. Ce r\u00e9seau qui fonctionne sur un syst\u00e8me de communication analogique n\u2019a pas connu un franc succ\u00e8s \u00e0 cause de la qualit\u00e9 du r\u00e9seau et des t\u00e9l\u00e9phones mobiles de l\u2019\u00e9poque.<\/p>\n\n\n\n<p>L\u2019arriv\u00e9e du r\u00e9seau 2G dans les ann\u00e9es 80 a sonn\u00e9 la r\u00e9volution de la t\u00e9l\u00e9phonie mobile. Cette technologie repose sur l\u2019utilisation d\u2019un syst\u00e8me num\u00e9rique par onde \u00e9lectromagn\u00e9tique, une technologie qui a am\u00e9lior\u00e9 la qualit\u00e9 des communications.<\/p>\n\n\n\n<p>Gr\u00e2ce \u00e0 cette nouvelle technologie, le nouveau moyen de communication appel\u00e9 \u00ab SMS \u00bb a vu le jour dans les ann\u00e9es 90.<\/p>\n\n\n\n<p>Le d\u00e9ploiement de la 3G a permis aux t\u00e9l\u00e9phones mobiles de se connecter sur internet comme on pourrait le faire depuis un ordinateur. Cette \u00e9volution a \u00e9t\u00e9 accentu\u00e9e par l\u2019arriv\u00e9e du premier iPhone d\u2019Apple en 2007.<\/p>\n\n\n\n<p>\u00c0 partir de 2010, la 3G a \u00e9t\u00e9 remplac\u00e9e progressivement par la 4G qui est actuellement le r\u00e9seau standard dans les grandes villes.<\/p>\n\n\n\n<p>Les op\u00e9rateurs de t\u00e9l\u00e9phonie mobile ont mis en place le r\u00e9seau 5G. Cette technologie permettra de profiter d\u2019une vitesse de connexion de 5 Go\/s. Gr\u00e2ce \u00e0 une telle performance, la 5G est utilis\u00e9e dans diff\u00e9rents domaines comme l\u2019automobile, la domotique, les objets connect\u00e9s ainsi que pour le visionnage de vid\u00e9o 4K.<\/p>\n\n\n\n<p><strong><u>\u2022 Les avantages et inconv\u00e9nients de cette derni\u00e8re<\/u><\/strong><\/p>\n\n\n\n<p>Le premier avantage de la 5G est l\u2019am\u00e9lioration consid\u00e9rable du d\u00e9bit de connexion. Elle devrait permettre d\u2019obtenir des vitesses de connexion encore plus rapides qu\u2019en 4G. On parle m\u00eame d\u2019une vitesse multipli\u00e9e par 10. Ainsi, le d\u00e9bit pourrait th\u00e9oriquement atteindre les 1 Gb\/s en r\u00e9ception et 500 Mb\/s en \u00e9mission. Comme on le relate sur Phonandroid, les op\u00e9rateurs mobiles ont 15 ans pour payer leur licence 5G. Mais d\u00e9j\u00e0, une ru\u00e9e s\u2019observe parmi ceux-ci afin d\u2019obtenir un positionnement sur les meilleures bandes passantes.<\/p>\n\n\n\n<p>Une autre promesse de la 5G est la r\u00e9duction du temps de latence. Celui-ci repr\u00e9sente le laps de temps qui s\u2019\u00e9coule entre le moment o\u00f9 vous lancez une commande et celui o\u00f9 elle se traduit \u00e0 l\u2019\u00e9cran. Le temps de latence devrait donc passer de 10 ms en 4G \u00e0 1 ms en 5G. Cette am\u00e9lioration de la r\u00e9activit\u00e9 offre de nouvelles perspectives aux utilisateurs. On peut compter parmi celles-ci l\u2019\u00e9mergence du cloud gaming. Il sera donc tr\u00e8s facile de jouer \u00e0 des jeux consoles directement sur son smartphone avec une exp\u00e9rience fluide et agr\u00e9able.<\/p>\n\n\n\n<p>Les vid\u00e9os en streaming pourront \u00eatre vues avec une meilleure qualit\u00e9 (4K et 8K notamment). Aussi, la r\u00e9duction du temps de latence favorisera l\u2019usage de la r\u00e9alit\u00e9 augment\u00e9e et l\u2019apparition de nouveaux types d\u2019objets connect\u00e9s. Un autre gros avantage de la 5G est le support d\u2019une plus grande densit\u00e9 d\u2019appareils connect\u00e9s. On estime que l\u2019ultra connectivit\u00e9 de la 5G pourraient permettre de multiplier par 10 la densit\u00e9 de connexion actuelle. Elle pourrait alors prendre en charge au minimum un million d\u2019appareils connect\u00e9s par m\u00e8tre carr\u00e9.<\/p>\n\n\n\n<p>Aussi, l\u2019OMS (l\u2019Organisation Mondiale de la Sant\u00e9) a class\u00e9 les champs \u00e9lectromagn\u00e9tiques de la 5G comme des \u00ab\u2009<strong>canc\u00e9rig\u00e8nes possibles<\/strong>\u2009\u00bb. Cela ne signifie pas qu\u2019ils provoquent un cancer. Si le risque existe, il est faible et n\u2019a \u00e9t\u00e9 mis en \u00e9vidence par aucune \u00e9tude. Autre crainte en rapport avec la 5G&nbsp;: son&nbsp;<strong>impact sur l\u2019environnement<\/strong>.<\/p>\n\n\n\n<p>Pour rester \u00e0 la pointe de la technologie, de nombreuses personnes voudront s\u2019\u00e9quiper d\u2019un t\u00e9l\u00e9phone compatible \u00e0 la 5G. Cette situation entra\u00eenera un&nbsp;<strong>renouvellement massif du parc de smartphones<\/strong>. Selon les d\u00e9tracteurs de la technologie de la 5G, la fabrication de ces nouveaux t\u00e9l\u00e9phones g\u00e9n\u00e8re des rejets toxiques et participe \u00e0 l\u2019\u00e9puisement des ressources. De plus, \u00e0 puissance maximale, un \u00e9quipement&nbsp;5G consomme 3,5&nbsp;fois plus d\u2019\u00e9nergie qu\u2019une antenne 4G. La vitesse de transition des informations \u00e9tant elle aussi plus grande, la consommation de data mobile risque d\u2019exploser encore plus. Et avec elle, la pollution num\u00e9rique, car les objets connect\u00e9s produisent une grande quantit\u00e9 de gaz \u00e0 effet de serre.<\/p>\n\n\n\n<p><strong><u>\u2022 Comment \u00e7a marche<\/u><\/strong><\/p>\n\n\n\n<p>La 5G fonctionne gr\u00e2ce aux ondes \u00e9lectromagn\u00e9tiques qui sont \u00e9mises depuis des antennes. La 5G utilise dans un premier temps les infrastructures existantes du r\u00e9seau de t\u00e9l\u00e9communications<\/p>\n\n\n\n<p>Ces antennes sont intelligentes et sont constitu\u00e9es d\u2019un grand nombre d\u2019antennes miniaturis\u00e9es permettant d\u2019atteindre des d\u00e9bits et une capacit\u00e9 de transmission incomparable avec le r\u00e9seau 4G actuel. L\u2019antenne massive MIMO agit comme un phare directionnel. Le signal est dirig\u00e9 dans une direction pr\u00e9cise au lieu d\u2019\u00eatre \u00e9mis dans toutes les directions. L\u2019antenne massive MIMO limite ainsi la consommation d\u2019\u00e9nergie en \u00e9mettant les ondes radio uniquement l\u00e0 o\u00f9 elles sont utiles. L\u2019antenne permet de diriger le signal radio vers les utilisateurs et les dispositifs quand cela est n\u00e9cessaire plut\u00f4t que d\u2019\u00e9mettre en permanence et partout. Ainsi, les ondes superflues aux alentours des utilisateurs sont r\u00e9duites consid\u00e9rablement, voire \u00e9limin\u00e9es.<\/p>\n\n\n\n<p><strong><u>\u2022 Les outils utilis\u00e9s<\/u><\/strong><\/p>\n\n\n\n<p>Pour mettre en place ma veille technologique j\u2019ai utilis\u00e9 plusieurs outils :<\/p>\n\n\n\n<p>Un outil de microblogging qui est Twitter<\/p>\n\n\n\n<p>&nbsp;J\u2019ai \u00e9galement utilis\u00e9 2 m\u00e9thodes \u00ab&nbsp;PULL AND PUSH&nbsp;\u00bb<\/p>\n\n\n\n<p>La m\u00e9thode PUSH ou l\u2019information est \u00ab pouss\u00e9e \u00bb de mani\u00e8re directe et automatique vers l\u2019utilisateur, en fonction de pr\u00e9f\u00e9rences et de crit\u00e8res qu\u2019il a choisis. L\u2019usager n\u2019effectue plus de recherche et son r\u00f4le<br>consiste \u00e0 \u00e9valuer l\u2019information r\u00e9cup\u00e9r\u00e9e voici des exemples :<\/p>\n\n\n\n<p>\u2022S\u2019abonner \u00e0 des listes de diffusion, newsletters<\/p>\n\n\n\n<p>\u2022S\u2019inscrire \u00e0 des services d\u2019alertes : Google alertes*<\/p>\n\n\n\n<p>La m\u00e9thode PULL ou l\u2019utilisateur se rend directement et r\u00e9guli\u00e8rement sur Internet, il refait p\u00e9riodiquement les m\u00eames recherches, dans les m\u00eames sources pour en \u00ab tirer \u00bb les informations les plus r\u00e9centes dans le domaine de son choix.<\/p>\n","protected":false},"excerpt":{"rendered":"<p>Le premier th\u00e8me que j&rsquo;ai choisis et la 5G. La&nbsp;5G&nbsp;(cinqui\u00e8me g\u00e9n\u00e9ration) est une&nbsp;norme&nbsp;de r\u00e9seau t\u00e9l\u00e9phonie mobile. Elle succ\u00e8de \u00e0 la quatri\u00e8me g\u00e9n\u00e9ration, appel\u00e9e&nbsp;4G, en proposant des d\u00e9bits&nbsp;plus importants et une latence&nbsp;fortement r\u00e9duite, tout en \u00e9vitant le risque de saturation des r\u00e9seaux li\u00e9 \u00e0 l&rsquo;augmentation des usages num\u00e9riques (smartphones, tablettes, objets connect\u00e9s. Les premi\u00e8res technologies ne&hellip; <br \/> <a class=\"read-more\" href=\"https:\/\/fajili.aristeecampus.org\/index.php\/5g\/\">Lire la suite<\/a><\/p>\n","protected":false},"author":1,"featured_media":0,"parent":0,"menu_order":0,"comment_status":"closed","ping_status":"closed","template":"","meta":{"saved_in_kubio":false,"footnotes":""},"kubio_ai_page_context":{"short_desc":"","purpose":"general"},"_links":{"self":[{"href":"https:\/\/fajili.aristeecampus.org\/index.php\/wp-json\/wp\/v2\/pages\/450"}],"collection":[{"href":"https:\/\/fajili.aristeecampus.org\/index.php\/wp-json\/wp\/v2\/pages"}],"about":[{"href":"https:\/\/fajili.aristeecampus.org\/index.php\/wp-json\/wp\/v2\/types\/page"}],"author":[{"embeddable":true,"href":"https:\/\/fajili.aristeecampus.org\/index.php\/wp-json\/wp\/v2\/users\/1"}],"replies":[{"embeddable":true,"href":"https:\/\/fajili.aristeecampus.org\/index.php\/wp-json\/wp\/v2\/comments?post=450"}],"version-history":[{"count":1,"href":"https:\/\/fajili.aristeecampus.org\/index.php\/wp-json\/wp\/v2\/pages\/450\/revisions"}],"predecessor-version":[{"id":451,"href":"https:\/\/fajili.aristeecampus.org\/index.php\/wp-json\/wp\/v2\/pages\/450\/revisions\/451"}],"wp:attachment":[{"href":"https:\/\/fajili.aristeecampus.org\/index.php\/wp-json\/wp\/v2\/media?parent=450"}],"curies":[{"name":"wp","href":"https:\/\/api.w.org\/{rel}","templated":true}]}}